(base 13) in base 9?
-4130
6055 (base 7) to base 13
c55
Convert -10ac (base 13) to base 9.
-3178
What is 40 (base 7) in base 6?
44
What is 1e9 (base 15) in base 13?
282
What is -52055 (base 6) in base 3?
-100112022
Convert 1011300 (base 4) to base 14.
18ac
Convert 1200 (base 9) to base 15.
3e6
Convert 33a84 (base 11) to base 9.
74456
What is -1313 (base 9) in base 3?
-1100110
1a66 (base 11) to base 7
10422
-112343 (base 5) to base 13
-1b33
What is 432 (base 12) in base 2?
1001100110
What is -110102121 (base 3) in base 12?
-52b1
Convert 550 (base 7) to base 2.
100011000
Convert 6624 (base 7) to base 2.
100101000010
Convert 597 (base 11) to base 8.
1307
-2133232 (base 5) to base 16
-8f54
Convert 1000110011 (base 2) to base 14.
2c3
12c5 (base 14) to base 11
2539
Convert 4660 (base 14) to base 6.
132352
a207 (base 13) to base 8
53453
Convert -326 (base 9) to base 14.
-151
2002312 (base 4) to base 14
30a2
What is -2003333 (base 4) in base 14?
-3115
-67a (base 11) to base 10
-813
-12a18 (base 12) to base 7
-134534
What is -1000111011001 (base 2) in base 9?
-6236
1103 (base 9) to base 7
2241
What is -26037 (base 9) in base 8?
-42172
11000121 (base 3) to base 11
2226
Convert 1125 (base 6) to base 11.
225
338b (base 13) to base 5
212323
110211211 (base 3) to base 7
36205
What is -4114 (base 5) in base 4?
-20112
Convert 6e42 (base 15) to base 14.
879c
What is -2323312 (base 4) in base 14?
-454a
What is -10001010000111010 (base 2) in base 4?
-101100322
-23203 (base 6) to base 14
-12cb
Convert -20210 (base 3) to base 10.
-183
477 (base 10) to base 2
111011101
What is -4 (base 12) in base 6?
-4
11385 (base 10) to base 5
331020
Convert 1b6 (base 13) to base 11.
26a
1223 (base 7) to base 9
558
-1544 (base 8) to base 14
-460
Convert 2176 (base 9) to base 12.
b20
Convert 101010010 (base 2) to base 5.
2323
What is 763 (base 16) in base 2?
11101100011
3a91 (base 11) to base 8
12267
Convert -1151 (base 6) to base 4.
-10123
What is -21126 (base 8) in base 6?
-104410
Convert -2cf (base 16) to base 7.
-2045
What is 154344 (base 6) in base 3?
202221001
What is -aa (base 12) in base 10?
-130
Convert -1314 (base 7) to base 6.
-2153
Convert -71 (base 14) to base 13.
-78
Convert 27674 (base 8) to base 9.
17677
Convert -110110101 (base 2) to base 9.
-535
Convert -330 (base 6) to base 13.
-99
3316 (base 12) to base 9
7650
What is -7707 (base 9) in base 16?
-162d
Convert 1391 (base 15) to base 12.
250a
What is -2645 (base 7) in base 14?
-525
What is 1146 (base 8) in base 14?
31c
What is 2237 (base 10) in base 9?
3055
What is -4030 (base 6) in base 16?
-372
What is -1101101110111100 (base 2) in base 4?
-31232330
Convert -21210200 (base 3) to base 11.
-4301
-2220200202 (base 3) to base 9
-86622
462 (base 14) to base 15
3d0
4125 (base 7) to base 11
109a
What is -131 (base 15) in base 12?
-1a7
What is -1124121 (base 5) in base 4?
-11000320
-b06 (base 14) to base 6
-14002
What is 30031 (base 4) in base 15?
371
-10233 (base 4) to base 12
-213
Convert -102100 (base 3) to base 14.
-17c
What is 41c (base 13) in base 14?
381
Convert -173 (base 8) to base 2.
-1111011
Convert -211022101 (base 3) to base 5.
-1010024
Convert 13201 (base 6) to base 12.
1201
-4ac5 (base 13) to base 10
-10639
Convert cd5 (base 14) to base 7.
10255
Convert 1244 (base 8) to base 2.
1010100100
What is -110122 (base 3) in base 14?
-1a5
What is 32469 (base 10) in base 4?
13323111
-5d1 (base 14) to base 11
-968
What is -12c2 (base 15) in base 7?
-14453
-6a (base 11) to base 15
-51
-1e4e (base 15) to base 6
-50315
Convert -66160 (base 7) to base 14.
-6067
What is -2213 (base 4) in base 16?
-a7
Convert -1024 (base 10) to base 11.
-851
What is -872 (base 10) in base 12?
-608
What is -22a7 (base 11) in base 3?
-11010220
What is 7226 (base 11) in base 12?
566b
Convert -7127 (base 9) to base 7.
-21121
-1958 (base 14) to base 6
-33122
What is 1210001 (base 4) in base 5?
201101
1143 (base 13) to base 16
975
4253 (base 15) to base 12
8150
Convert 75a (base 13) to base 8.
2352
What is 532 (base 7) in base 11?
224
3223 (base 5) to base 6
2010
-12c (base 13) to base 7
-414
What is -1111211120 (base 3) in base 14?
-abc5
440c (base 15) to base 16
384c
2730 (base 8) to base 3
2001102
What is -664 (base 7) in base 11?
-28a
What is 47218 (base 10) in base 5?
3002333
Convert 4589 (base 11) to base 10.
6026
88 (base 11) to base 12
80
-6163 (base 7) to base 8
-4150
Convert -1004 (base 6) to base 11.
-190
-1101111111 (base 2) to base 14
-47d
What is -d34 (base 15) in base 8?
-5636
12013023 (base 4) to base 11
1789a
What is 2222331 (base 5) in base 6?
500551
Convert -1021012111 (base 3) to base 15.
-75c4
What is -6336 (base 10) in base 6?
-45200
Convert 11c27 (base 13) to base 10.
32819
What is -120133 (base 4) in base 2?
-11000011111
Convert 353 (base 9) to base 6.
1203
441 (base 9) to base 6
1401
Convert 5092 (base 13) to base 3.
120020021
Convert -1221010 (base 3) to base 13.
-843
What is 12001 (base 5) in base 8?
1554
What is -201 (base 7) in base 10?
-99
-7066 (base 11) to base 8
-22255
What is -110011 (base 2) in base 3?
-1220
What is 5860 (base 14) in base 4?
3300030
What is -5530 (base 12) in base 11?
-7072
1325 (base 7) to base 15
23e
110100011011 (base 2) to base 5
101410
Convert 1054 (base 11) to base 13.
82c
11118 (base 9) to base 10
7388
What is 20120101 (base 3) in base 11?
3664
What is -4015 (base 6) in base 8?
-1553
-7b4 (base 15) to base 5
-23434
What is -3333 (base 9) in base 16?
-99c
What is -15476 (base 8) in base 13?
-3236
Convert 8141 (base 15) to base 2.
110101010010110
Convert 235 (base 14) to base 5.
3224
Convert 756d (base 14) to base 12.
b8a5
Convert -26a (base 11) to base 14.
-18a
Convert -20102011 (base 3) to base 11.
-3570
What is 1457 (base 8) in base 9?
1105
-42e (base 15) to base 3
-1021222
-220012200 (base 3) to base 10
-17649
Convert -414 (base 8) to base 5.
-2033
a22 (base 12) to base 4
112322
-6690 (base 10) to base 14
-261c
Convert 13234 (base 5) to base 12.
751
What is 1562 (base 10) in base 4?
120122
Convert 901a (base 13) to base 9.
30135
What is 4909 (base 10) in base 5?
124114
Convert 635 (base 11) to base 15.
35e
-25dd (base 14) to base 12
-3a33
-1aea (base 15) to base 13
-2878
Convert -33311 (base 4) to base 5.
-13023
-420 (base 9) to base 15
-17c
What is -bb (base 15) in base 3?
-20112
What is 2329 (base 15) in base 4?
1310220
Convert -7b18 (base 13) to base 8.
-41553
Convert -362d (base 16) to base 3.
-201000200
Convert -1151 (base 10) to base 8.
-2177
Convert 3623 (base 7) to base 14.
6ba
1110111001 (base 2) to base 14
4c1
Convert 521 (base 14) to base 12.
701
Convert 16218 (base 9) to base 6.
123242
Convert -2221200 (base 3) to base 2.
-100001100111
Convert -34 (base 12) to base 8.
-50
Convert -9d (base 14) to base 8.
-213
Convert 21330 (base 4) to base 9.
776
Convert -64d (base 16) to base 5.
-22423
Convert 122021222 (base 3) to base 14.
4848
What is 131342 (base 5) in base 15?
1832
What is 1758 (base 11) in base 10?
2241
Convert 130 (base 4) to base 2.
11100
-983 (base 14) to base 9
-2517
Convert 73033 (base 8) to base 11.
20797
Convert -3428 (base 9) to base 16.
-9e9
-31102 (base 7) to base 15
-23b7
What is 3050 (base 10) in base 9?
4158
What is -b9 (base 12) in base 8?
-215
23a (base 13) to base 6
1443
What is -2246 (base 14) in base 9?
-8132
-548 (base 9) to base 14
-241
-39 (base 11) to base 7
-60
What is 448 (base 12) in base 4?
21320
Convert -21044 (base 5) to base 9.
-1824
-20110 (base 3) to base 2
-10101110
Convert -777 (base 9) to base 8.
-1175
Convert 1031 (base 6) to base 7.
454
What is -8c1 (base 13) in base 4?
-113211
Convert 10012300 (base 4) to base 8.
40660
-10122102 (base 3) to base 4
-221201
-5382 (base 13) to base 14
-4326
-593 (base 11) to base 7
-2030
What is -1603 (base 11) in base 9?
-2738
What is 1a02 (base 11) in base 4?
213233
2a3 (base 13) to base 6
2103
91e0 (base 16) to base 3
1220020010
What is -1438 (base 9) in base 7?
-3113
-198 (base 11) to base 7
-444
2101211 (base 3) to base 12
101a
What is 4333 (base 5) in base 13?
368
What is 3ad (base 15) in base 3?
1011001
Convert -1512 (base 13) to base 8.
-5761
Convert -51311 (base 8) to base 3.
-1002001221
Convert 52c (base 16) to base 6.
10044
What is -1202 (base 11) in base 7?
-4410
Convert 124210 (base